tors of 112289811?
3, 17, 2201761
What are the prime factors of 163454004?
2, 3, 7, 67, 461
List the prime factors of 35774337.
3, 11924779
What are the prime factors of 55838779?
23, 2427773
List the prime factors of 8282997.
3, 920333
List the prime factors of 834428159.
23929, 34871
What are the prime factors of 28293015?
3, 5, 17, 181, 613
List the prime factors of 32916420.
2, 3, 5, 17, 31, 347
What are the prime factors of 197135430?
2, 3, 5, 937, 7013
List the prime factors of 6391417188.
2, 3, 13, 31, 1321633
List the prime factors of 5131729013.
229, 22409297
List the prime factors of 40028270.
2, 5, 43, 93089
List the prime factors of 424164574.
2, 23, 9220969
List the prime factors of 2590979755.
5, 7, 13, 269, 21169
What are the prime factors of 76694183?
29, 2644627
What are the prime factors of 1022006765?
5, 13, 17, 179, 5167
List the prime factors of 77224316.
2, 13, 149, 9967
List the prime factors of 78817176.
2, 3, 1094683
What are the prime factors of 561559539?
3, 53, 251, 14071
List the prime factors of 316383502.
2, 113, 521, 2687
What are the prime factors of 65594735?
5, 23, 570389
What are the prime factors of 31144300?
2, 5, 11, 23, 1231
What are the prime factors of 63316536?
2, 3, 61, 709
What are the prime factors of 276198571?
11, 25108961
What are the prime factors of 82693611?
3, 7, 11, 13, 67, 137
What are the prime factors of 910674464?
2, 7, 1423, 2857
What are the prime factors of 143064852?
2, 3, 7, 59, 28867
List the prime factors of 49233883.
19, 109, 23773
What are the prime factors of 943876520?
2, 5, 23596913
What are the prime factors of 1962130119?
3, 43, 53, 286987
What are the prime factors of 1815324199?
13, 139640323
What are the prime factors of 689490463?
157, 4391659
List the prime factors of 1118705295.
3, 5, 41, 433, 4201
What are the prime factors of 7124120?
2, 5, 178103
List the prime factors of 6772417.
19, 356443
List the prime factors of 53887709.
47, 59, 19433
List the prime factors of 62506153.
3299, 18947
What are the prime factors of 1718360596?
2, 257, 557, 3001
List the prime factors of 184693499.
53, 3484783
List the prime factors of 158415833.
37, 1187, 3607
List the prime factors of 5605938665.
5, 167, 6713699
List the prime factors of 3181723034.
2, 7, 61, 521, 7151
What are the prime factors of 2510039552?
2, 29, 169049
List the prime factors of 25204098.
2, 3, 17, 247099
What are the prime factors of 2707704262?
2, 127, 83939
List the prime factors of 67744339.
13, 419, 12437
What are the prime factors of 70040756?
2, 3709, 4721
What are the prime factors of 1270218648?
2, 3, 17, 3113281
What are the prime factors of 40372574?
2, 11, 1835117
What are the prime factors of 1637802612?
2, 3, 15164839
List the prime factors of 29270233.
1187, 24659
List the prime factors of 21765953.
11, 37, 53479
What are the prime factors of 3740135270?
2, 5, 43, 53, 164113
List the prime factors of 1732826644.
2, 47, 9217163
What are the prime factors of 6809407658?
2, 47, 829, 87383
What are the prime factors of 117904783?
223, 271, 1951
What are the prime factors of 668072718?
2, 3, 19, 651143
List the prime factors of 106225735.
5, 7, 11, 275911
List the prime factors of 150322130.
2, 5, 7, 83, 25873
What are the prime factors of 18895436?
2, 7, 674837
List the prime factors of 315402903.
3, 3893863
List the prime factors of 4037125658.
2, 2018562829
What are the prime factors of 160477302?
2, 3, 23, 1162879
List the prime factors of 703320122.
2, 29, 157, 77237
List the prime factors of 633221254.
2, 316610627
What are the prime factors of 777103088?
2, 907, 53549
List the prime factors of 250532924.
2, 101, 727, 853
List the prime factors of 871786783.
7, 883, 20149
What are the prime factors of 92254264?
2, 31, 41, 43, 211
List the prime factors of 28966707.
3, 7, 11, 13933
What are the prime factors of 59042041?
1723, 34267
What are the prime factors of 953602195?
5, 7, 13, 23, 293, 311
List the prime factors of 48876244.
2, 12219061
List the prime factors of 107113895.
5, 7, 3060397
What are the prime factors of 27785416?
2, 3473177
List the prime factors of 102571253.
19, 5398487
What are the prime factors of 3294308373?
3, 1951, 562841
List the prime factors of 3724406766.
2, 3, 131, 877, 1801
What are the prime factors of 1237263349?
7, 17, 73, 142427
List the prime factors of 104499788.
2, 71, 367957
What are the prime factors of 1120055461?
7, 160007923
List the prime factors of 16060707.
3, 13, 45757
What are the prime factors of 5769091919?
41, 4591, 30649
What are the prime factors of 8729001087?
3, 14051, 207079
List the prime factors of 13742932.
2, 7, 70117
List the prime factors of 28176711.
3, 9392237
What are the prime factors of 32163964?
2, 7, 1148713
List the prime factors of 17741337.
3, 449, 13171
What are the prime factors of 1259899854?
2, 3, 811, 258919
What are the prime factors of 203033097?
3, 37, 609709
What are the prime factors of 1282484013?
3, 427494671
List the prime factors of 5354475976.
2, 313, 439, 4871
List the prime factors of 3734503613.
3734503613
List the prime factors of 73993363.
73993363
What are the prime factors of 56282292?
2, 3, 11, 311, 457
List the prime factors of 30335800.
2, 5, 11, 13789
What are the prime factors of 82166501?
41, 821, 2441
What are the prime factors of 111732374?
2, 13, 53, 81083
What are the prime factors of 104340853?
197, 529649
What are the prime factors of 1227066049?
11, 107, 271, 3847
List the prime factors of 176638102.
2, 409, 215939
List the prime factors of 213395470.
2, 5, 71, 300557
List the prime factors of 752900479.
19, 3491, 11351
List the prime factors of 284422294.
2, 13, 10939319
List the prime factors of 61529235.
3, 5, 4101949
What are the prime factors of 1862262786?
2, 3, 139, 2232929
List the prime factors of 426674723.
109, 757, 5171
What are the prime factors of 252565898?
2, 13, 19, 23, 22229
List the prime factors of 14763181.
157, 94033
List the prime factors of 49126285.
5, 13, 755789
What are the prime factors of 1468910318?
2, 23, 401, 79633
List the prime factors of 43222527.
3, 1747, 2749
List the prime factors of 19480705.
5, 3896141
List the prime factors of 91669526.
2, 13, 1787, 1973
What are the prime factors of 22376421?
3, 2486269
List the prime factors of 157634838.
2, 3, 457, 19163
List the prime factors of 311765839.
7, 11, 17, 238171
List the prime factors of 1432526766.
2, 3, 11, 379, 57269
What are the prime factors of 762293201?
762293201
List the prime factors of 50220876.
2, 3, 19, 11593
What are the prime factors of 36401968?
2, 173, 13151
What are the prime factors of 112553775?
3, 5, 500239
List the prime factors of 2198326611.
3, 13, 89, 307, 2063
What are the prime factors of 33885094?
2, 19, 499, 1787
List the prime factors of 604412100.
2, 3, 5, 521, 1289
List the prime factors of 2667050399.
13, 23, 8919901
What are the prime factors of 10198328?
2, 7, 269, 677
List the prime factors of 152627590.
2, 5, 37, 137, 3011
List the prime factors of 70244964.
2, 3, 1951249
List the prime factors of 127948183.
11, 37, 28579
What are the prime factors of 528553509?
3, 11, 41, 390653
List the prime factors of 1992063175.
5, 673, 118399
List the prime factors of 659589333.
3, 13, 139, 281, 433
List the prime factors of 19729125.
3, 5, 13, 19, 71
List the prime factors of 906523794.
2, 3, 11, 23, 137, 1453
List the prime factors of 1481359103.
7, 3583, 59063
What are the prime factors of 2559890279?
2559890279
What are the prime factors of 6455381?
6455381
What are the prime factors of 115413397?
11, 37, 283571
What are the prime factors of 155793419?
3691, 42209
What are the prime factors of 2022943815?
3, 5, 17, 43, 6833
What are the prime factors of 1855936?
2, 47, 617
What are the prime factors of 176687158?
2, 88343579
List the prime factors of 73348381.
73348381
List the prime factors of 1087419695.
5, 217483939
What are the prime factors of 589910845?
5, 1931, 61099
What are the prime factors of 160532701?
7, 181, 126703
What are the prime factors of 62920487?
7, 53, 181, 937
What are the prime factors of 1147691678?
2, 7, 37, 181, 12241
List the prime factors of 690467677.
21221, 32537
List the prime factors of 679139811.
3, 7, 10779997
What are the prime